ctor of 18 and c?
6
Let s(c) be the first derivative of -c**2 - 3*c - 2. Let i be (-1)/((-14)/(-88)) - (-52)/182. Let v be s(i). What is the greatest common factor of v and 72?
9
Suppose 0 = 6*z + 1 - 13. Suppose -2*v + z = -3*v, 5*v = 4*j - 90. Let b be -12*((-34)/3 + -2). Calculate the highest common factor of b and j.
20
Let r(w) = 60*w - 31. Let l be r(4). What is the greatest common factor of 57 and l?
19
Let d(b) = -154*b - 38. Let g be d(-1). Calculate the highest common factor of 87 and g.
29
Let a(l) = -l**3 + 26*l**2 - 23*l - 48. Let n be a(25). Calculate the highest common factor of 90 and n.
2
Let i be 95*(-4 - -4 - -1). Let g = i - -137. Calculate the highest common factor of 29 and g.
29
Suppose -l + 1590 = -5*o, 12*l - 8*l - 4*o - 6392 = 0. Calculate the greatest common divisor of 64 and l.
64
Let k be 4/1 - (-4)/(-4). Let w be 1*((3 - k) + -22). Let b be 4/w + (-46)/(-11). Calculate the greatest common factor of b and 16.
4
Let t(s) = 17*s - 50. Let l be t(7). Calculate the greatest common factor of l and 161.
23
Let i = -69 - -354. Calculate the highest common divisor of 20 and i.
5
Suppose 0 = 8*b - 91 - 133. Calculate the highest common divisor of b and 42.
14
Let l = 28 + -12. Let o(m) = 3*m + 3. Let y(c) = 4*c + 3. Let n(k) = 5*o(k) - 4*y(k). Let f be n(-1). What is the highest common factor of l and f?
4
Let h(v) = -2*v**2 + 219*v**3 - v**2 - 4*v + 2 - 217*v**3 + 10*v**2. Let y be h(5). Calculate the highest common factor of y and 37.
37
Suppose -3*h = 3*x - 63, -h - 7 + 3 = 0. Suppose l + 2 = 7. Let m(n) = n**3 - 4*n**2 - 4*n. Let k be m(l). What is the highest common divisor of k and x?
5
Suppose 2006 = 3*z + 5*t, -274 = z + 3*t - 940. What is the highest common divisor of 192 and z?
96
Suppose 3*b - 9 = -2*d - d, 3*d - 11 = -2*b. Let g be (45/12*d)/((-4)/(-16)). What is the highest common divisor of 100 and g?
25
Let f be (-3)/(-9)*3 - 0. Suppose 44 = -18*a + 22*a. What is the highest common factor of f and a?
1
Let i = -249 - -294. What is the highest common divisor of i and 10?
5
Suppose -36 = -f + 21*z - 23*z, 2*z = -4*f + 150. Suppose x - 4*x = -18. Suppose -x*i = -i - 475. What is the highest common divisor of i and f?
19
Let o(g) = -5*g - 10 - 13 - 3. Let q be o(-12). Calculate the highest common divisor of 51 and q.
17
Let g be (-54)/(-7) - 2/(-7). Suppose -3*b - 2*b + 1585 = 0. Suppose 6 = j - 3*j, -j = 5*n - b. Calculate the highest common divisor of g and n.
8
Suppose 3 = -b, 0*u + 3*b = u - 89. Suppose d + 184 = 3*i, 0 = i + 3*d + 2 - u. Calculate the greatest common factor of 9 and i.
9
Let o = -36 - -64. Let v be (-4)/(-2) - (-6 + 2). Let l be (-84)/(-18) + (-1)/v*4. What is the highest common factor of l and o?
4
Let r = 141 + -124. Calculate the greatest common divisor of r and 119.
17
Let d(c) = c + 226. Let x be d(0). Suppose -7*g + x + 166 = 0. Suppose 0 = 4*y - 2*y - 28. What is the highest common factor of y and g?
14
Let f = 389 + -359. What is the highest common divisor of f and 2?
2
Let z = -106 + 178. Calculate the greatest common divisor of z and 8.
8
Let v be (-10)/(-7) - 1 - (-48861)/63. What is the highest common factor of v and 8?
8
Let a be -3 + (-12)/9*-6. Suppose -4*b - 300 - 13 = -5*f, 295 = 5*f + a*b. Let q = f + -35. What is the highest common divisor of q and 26?
26
Suppose -55*q = -1151 - 13974. Calculate the greatest common divisor of q and 75.
25
Suppose -22 = -d - 2. Let z(y) = -3*y + 9. Let u(j) = 3*j - 8. Let f(n) = 5*u(n) + 4*z(n). Let x be f(3). What is the highest common divisor of x and d?
5
Let m = 0 + 0. Suppose d - 2*d + 1 = m. Let u(r) = r**3 - 13*r**2 + 23*r + 30. Let q be u(3). Calculate the greatest common factor of d and q.
1
Let x(k) = 16*k + 8. Let o be x(2). Calculate the greatest common divisor of o and 184.
8
Let b = -977 + 1715. Calculate the highest common factor of b and 205.
41
Suppose -3*h + 5*p + 90 = h, p = 5*h - 102. What is the greatest common factor of 2 and h?
2
Let d be (-48)/(-72) - 596/(-6). Suppose 0 = -f + 3*f - 10. Suppose f*x = 10 + 190. What is the greatest common divisor of d and x?
20
Let y = 7 + 20. Suppose 28*g - 24 = y*g. What is the greatest common factor of 240 and g?
24
Let j(b) = 82*b + 3. Let h be j(-14). Let k = -795 - h. Suppose 5*y - k = -0*y + q, 2*y + 5*q = 113. What is the highest common factor of y and 46?
23
Let f(n) = 9*n + 193. Let m be f(-20). What is the greatest common factor of 1 and m?
1
Let m(j) = 13*j**2 + 36. Let z be m(6). Calculate the highest common factor of 16 and z.
8
Suppose -21 = 10*c - 321. Calculate the greatest common factor of c and 258.
6
Let k(i) = -4*i**3 + i**2 + 3*i + 2. Let o be k(-1). Suppose 4*r = -o*r + 32. Suppose v + r*v - 130 = 0. Calculate the greatest common divisor of 65 and v.
13
Let x be (-10)/(-35) + (-1000)/(-28). Suppose 24 = 3*y - 3. Suppose 2*s - y = s. Calculate the highest common divisor of s and x.
9
Suppose 129 = g + 3*i - 7*i, 3*g = 4*i + 379. What is the greatest common factor of g and 10?
5
Let l be 0*2/(-4) + (57 - 4). What is the greatest common factor of 1537 and l?
53
Let r(q) = -q**3 - 9*q**2 + 20*q - 5. Let m be r(-11). Calculate the highest common factor of 969 and m.
17
Let x = -82 + 88. Let h be 106/18*x + 2/3. Let c(k) = k**3 - 3*k**2 + 4. Let g be c(5). What is the greatest common divisor of h and g?
18
Suppose p + 0*h = 3*h + 46, p - 54 = 5*h. Suppose -32*j = -p*j + 38. What is the highest common divisor of j and 76?
19
Let q = -2 + 1. Let x(g) = -15*g**3 - g**2 + g + 1. Let w be x(q). Let s(z) = 5*z**2 + 7*z + 11. Let i be s(-3). What is the highest common divisor of w and i?
7
Let j(y) = y**3 + 9*y**2 + 10*y + 18. Let n be j(-8). Let m be 2/(-4)*15*n. Let g be (-5)/(m/102) - 4. What is the greatest common factor of g and 20?
10
Suppose 2*z + 3422 = 4*a, 5*a + 3*z + 995 - 5256 = 0. What is the highest common divisor of 61 and a?
61
Let l = 1978 + -1369. What is the highest common divisor of l and 84?
21
Let v be 17682/182 + (-4)/26. Let p = -85 + v. What is the greatest common factor of p and 3?
3
Let s be 10/(40/372) + -1. Calculate the greatest common divisor of 4 and s.
4
Let f(m) be the second derivative of 8*m**3 + 6*m**2 + 14*m. Let n be f(2). What is the highest common divisor of n and 54?
54
Let j(v) = -2*v**3 - 33*v**2 - 16*v + 14. Let g be j(-16). Let m be (-1)/(1 + -2) + 34. What is the highest common divisor of g and m?
7
Let h = -83 - -117. Let k = h - 32. What is the greatest common factor of k and 16?
2
Suppose 2*n + 200 = 7*n. Let h be ((-2)/5)/(2/n). Let d = h - -16. Calculate the highest common factor of d and 72.
8
Suppose -6*q = -q - 1425. What is the highest common factor of q and 171?
57
Let c(p) = 221*p**2. Suppose -5*n = -1 + 6. Let v be c(n). Suppose -v = -5*i + 199. What is the greatest common factor of i and 12?
12
Let o be (2*-1*-1)/(4/8). Let f be -4 + 1 + 144/o. What is the greatest common factor of f and 231?
33
Let z(i) = 21 + 4*i - 2*i**3 - 21 + i**3. Let x be z(3). Let v = -4 - x. Calculate the highest common divisor of v and 121.
11
Let a = -5 + 18. Let o = a + -9. Let r be -10*(-1 + o/8). What is the greatest common factor of r and 40?
5
Suppose 0 = -p - 2*h + 43, 204 = 5*p - 2*h + 49. What is the highest common divisor of 3 and p?
3
Suppose 2*a = -51 - 1. Let z = 14 + a. Let n be (z/(-21))/(6/231). What is the greatest common factor of n and 33?
11
Suppose 2*n = 3*n - 23. Let d(b) = 11 + 86*b - 58*b + 0. Let v be d(7). Calculate the highest common factor of v and n.
23
Let u(m) = -7*m - 2. Let l(a) = a**3 + 2*a**2 - 2. Let p be l(-2). Let t be u(p). Let k = 45 - t. What is the greatest common divisor of k and 22?
11
Let y be (-6)/15*(11 - 1). Let w = 7 + y. Suppose 0 = -r - 2*h + 12, 3*r + 4 = -h + 15. Calculate the greatest common factor of r and w.
1
Let q(s) = -8*s - 16. Let h(c) = -15*c - 17 + 6*c + 2*c. Let u(b) = 4*h(b) - 3*q(b). Let n be u(-6). What is the highest common factor of 4 and n?
4
Let a be (2/3)/(5/30). Suppose 5*l + a*u - 218 = 0, -u = -0*l + 2*l - 86. Suppose 2*w = 3*w - 21. Calculate the greatest common factor of w and l.
21
Let t be 2 - -70*(-3 + (-21)/(-6)). Calculate the greatest common divisor of t and 2.
1
Suppose -6*y = -10*y + 16. Let r be 114/y + 12/24. What is the highest common divisor of 2